{"id":138,"date":"2021-01-23T10:36:10","date_gmt":"2021-01-23T10:36:10","guid":{"rendered":"https:\/\/www.csb-osb.org\/?page_id=138"},"modified":"2022-03-09T21:24:19","modified_gmt":"2022-03-09T21:24:19","slug":"environnement","status":"publish","type":"page","link":"https:\/\/www.saintbenoit-mayombe.org\/index.php\/environnement\/","title":{"rendered":"Environnement"},"content":{"rendered":"\n<p><strong><span class=\"has-inline-color has-vivid-cyan-blue-color\">PROJET DE CONSTRUCTION DU CENTRE LAUDATO SII<\/span><\/strong><\/p>\n\n\n\n<p style=\"font-size:19px\"><strong>Ici ,on assiste \u00e0 la B\u00e9n\u00e9diction pour l&rsquo;ouverture  des travaux de construction dudit centre pour l&rsquo;animation et l&rsquo;\u00e9ducation \u00e0 l&rsquo;\u00e9cologie.<\/strong><\/p>\n\n\n\n<div class=\"wp-block-columns\">\n<div class=\"wp-block-column\">\n<figure class=\"wp-block-image size-large is-resized\"><img  title=\"\" loading=\"lazy\" src=\"https:\/\/www.saintbenoit-mayombe.org\/wp-content\/uploads\/2022\/02\/IMG-20220216-WA0003-1024x768.jpg\"  alt=\"IMG-20220216-WA0003-1024x768 Environnement\"  class=\"wp-image-511\" width=\"592\" height=\"443\" srcset=\"https:\/\/www.saintbenoit-mayombe.org\/wp-content\/uploads\/2022\/02\/IMG-20220216-WA0003-1024x768.jpg 1024w, https:\/\/www.saintbenoit-mayombe.org\/wp-content\/uploads\/2022\/02\/IMG-20220216-WA0003-300x225.jpg 300w, https:\/\/www.saintbenoit-mayombe.org\/wp-content\/uploads\/2022\/02\/IMG-20220216-WA0003-768x576.jpg 768w, https:\/\/www.saintbenoit-mayombe.org\/wp-content\/uploads\/2022\/02\/IMG-20220216-WA0003.jpg 1040w\" sizes=\"(max-width: 592px) 100vw, 592px\" \/><\/figure>\n<\/div>\n\n\n\n<div class=\"wp-block-column\">\n<figure class=\"wp-block-image size-large is-resized\"><img  title=\"\" loading=\"lazy\" src=\"https:\/\/www.saintbenoit-mayombe.org\/wp-content\/uploads\/2022\/02\/IMG-20220216-WA0004-768x1024.jpg\"  alt=\"IMG-20220216-WA0004-768x1024 Environnement\"  class=\"wp-image-512\" width=\"331\" height=\"439\"\/><\/figure>\n<\/div>\n<\/div>\n\n\n\n<div class=\"wp-block-columns\">\n<div class=\"wp-block-column\">\n<figure class=\"wp-block-image size-large is-resized\"><img  title=\"\" loading=\"lazy\" src=\"https:\/\/www.saintbenoit-mayombe.org\/wp-content\/uploads\/2022\/02\/IMG-20220216-WA0005-768x1024.jpg\"  alt=\"IMG-20220216-WA0005-768x1024 Environnement\"  class=\"wp-image-513\" width=\"289\" height=\"384\" srcset=\"https:\/\/www.saintbenoit-mayombe.org\/wp-content\/uploads\/2022\/02\/IMG-20220216-WA0005-768x1024.jpg 768w, https:\/\/www.saintbenoit-mayombe.org\/wp-content\/uploads\/2022\/02\/IMG-20220216-WA0005-225x300.jpg 225w, https:\/\/www.saintbenoit-mayombe.org\/wp-content\/uploads\/2022\/02\/IMG-20220216-WA0005.jpg 780w\" sizes=\"(max-width: 289px) 100vw, 289px\" \/><\/figure>\n<\/div>\n\n\n\n<div class=\"wp-block-column\">\n<figure class=\"wp-block-image size-large is-resized\"><img  title=\"\" loading=\"lazy\" src=\"https:\/\/www.saintbenoit-mayombe.org\/wp-content\/uploads\/2022\/02\/IMG-20220216-WA0006-1024x768.jpg\"  alt=\"IMG-20220216-WA0006-1024x768 Environnement\"  class=\"wp-image-514\" width=\"503\" height=\"376\" srcset=\"https:\/\/www.saintbenoit-mayombe.org\/wp-content\/uploads\/2022\/02\/IMG-20220216-WA0006-1024x768.jpg 1024w, https:\/\/www.saintbenoit-mayombe.org\/wp-content\/uploads\/2022\/02\/IMG-20220216-WA0006-300x225.jpg 300w, https:\/\/www.saintbenoit-mayombe.org\/wp-content\/uploads\/2022\/02\/IMG-20220216-WA0006-768x576.jpg 768w, https:\/\/www.saintbenoit-mayombe.org\/wp-content\/uploads\/2022\/02\/IMG-20220216-WA0006.jpg 1040w\" sizes=\"(max-width: 503px) 100vw, 503px\" \/><\/figure>\n<\/div>\n<\/div>\n\n\n\n<h2>DEPLOIEMENT DES ARBRES FRUITIERS<\/h2>\n\n\n\n<p>L&rsquo;\u0152uvre Saint Beno\u00eet poursuit sa politique du reboisement, ici, l&rsquo;accent est mis dans l&rsquo;alternance des arbres fruitiers et d&rsquo;autres esp\u00e8ces. Nous avons par exemple le safoutier et le manguier.<\/p>\n\n\n\n<p>La difficult\u00e9 se situe au niveau de l&rsquo;inaccessibilit\u00e9 de certaines concessions due \u00e0 l&rsquo;\u00e9tat de routes.<\/p>\n\n\n\n<p>La solution serait l&rsquo;acquisition d&rsquo;une jeep pick-up.<\/p>\n\n\n\n<p>   <\/p>\n\n\n\n<div class=\"wp-block-columns\">\n<div class=\"wp-block-column\">\n<figure class=\"wp-block-image size-large is-resized\"><img  title=\"\" loading=\"lazy\" src=\"https:\/\/www.saintbenoit-mayombe.org\/wp-content\/uploads\/2022\/03\/IMG-20220309-WA0005-768x1024.jpg\"  alt=\"IMG-20220309-WA0005-768x1024 Environnement\"  class=\"wp-image-529\" width=\"357\" height=\"477\" srcset=\"https:\/\/www.saintbenoit-mayombe.org\/wp-content\/uploads\/2022\/03\/IMG-20220309-WA0005-768x1024.jpg 768w, https:\/\/www.saintbenoit-mayombe.org\/wp-content\/uploads\/2022\/03\/IMG-20220309-WA0005-225x300.jpg 225w, https:\/\/www.saintbenoit-mayombe.org\/wp-content\/uploads\/2022\/03\/IMG-20220309-WA0005.jpg 780w\" sizes=\"(max-width: 357px) 100vw, 357px\" \/><\/figure>\n<\/div>\n\n\n\n<div class=\"wp-block-column\">\n<figure class=\"wp-block-image size-large is-resized\"><img  title=\"\" loading=\"lazy\" src=\"https:\/\/www.saintbenoit-mayombe.org\/wp-content\/uploads\/2022\/03\/IMG-20220309-WA0012-1024x768.jpg\"  alt=\"IMG-20220309-WA0012-1024x768 Environnement\"  class=\"wp-image-530\" width=\"639\" height=\"477\"\/><\/figure>\n<\/div>\n<\/div>\n\n\n\n<div class=\"wp-block-columns\">\n<div class=\"wp-block-column\">\n<div class=\"wp-block-image\"><figure class=\"aligncenter size-large is-resized\"><img  title=\"\" loading=\"lazy\" src=\"https:\/\/www.saintbenoit-mayombe.org\/wp-content\/uploads\/2022\/03\/IMG-20220309-WA0008-1024x768.jpg\"  alt=\"IMG-20220309-WA0008-1024x768 Environnement\"  class=\"wp-image-531\" width=\"451\" height=\"339\" srcset=\"https:\/\/www.saintbenoit-mayombe.org\/wp-content\/uploads\/2022\/03\/IMG-20220309-WA0008-1024x768.jpg 1024w, https:\/\/www.saintbenoit-mayombe.org\/wp-content\/uploads\/2022\/03\/IMG-20220309-WA0008-300x225.jpg 300w, https:\/\/www.saintbenoit-mayombe.org\/wp-content\/uploads\/2022\/03\/IMG-20220309-WA0008-768x576.jpg 768w, https:\/\/www.saintbenoit-mayombe.org\/wp-content\/uploads\/2022\/03\/IMG-20220309-WA0008.jpg 1040w\" sizes=\"(max-width: 451px) 100vw, 451px\" \/><\/figure><\/div>\n<\/div>\n\n\n\n<div class=\"wp-block-column\">\n<div class=\"wp-block-image\"><figure class=\"aligncenter size-large is-resized\"><img  title=\"\" loading=\"lazy\" src=\"https:\/\/www.saintbenoit-mayombe.org\/wp-content\/uploads\/2022\/03\/IMG-20220309-WA0006-768x1024.jpg\"  alt=\"IMG-20220309-WA0006-768x1024 Environnement\"  class=\"wp-image-532\" width=\"252\" height=\"336\" srcset=\"https:\/\/www.saintbenoit-mayombe.org\/wp-content\/uploads\/2022\/03\/IMG-20220309-WA0006-768x1024.jpg 768w, https:\/\/www.saintbenoit-mayombe.org\/wp-content\/uploads\/2022\/03\/IMG-20220309-WA0006-225x300.jpg 225w, https:\/\/www.saintbenoit-mayombe.org\/wp-content\/uploads\/2022\/03\/IMG-20220309-WA0006.jpg 780w\" sizes=\"(max-width: 252px) 100vw, 252px\" \/><\/figure><\/div>\n<\/div>\n\n\n\n<div class=\"wp-block-column\">\n<div class=\"wp-block-image\"><figure class=\"aligncenter size-large is-resized\"><img  title=\"\" loading=\"lazy\" src=\"https:\/\/www.saintbenoit-mayombe.org\/wp-content\/uploads\/2022\/03\/IMG-20220309-WA0004-1024x768.jpg\"  alt=\"IMG-20220309-WA0004-1024x768 Environnement\"  class=\"wp-image-533\" width=\"456\" height=\"343\" srcset=\"https:\/\/www.saintbenoit-mayombe.org\/wp-content\/uploads\/2022\/03\/IMG-20220309-WA0004-1024x768.jpg 1024w, https:\/\/www.saintbenoit-mayombe.org\/wp-content\/uploads\/2022\/03\/IMG-20220309-WA0004-300x225.jpg 300w, https:\/\/www.saintbenoit-mayombe.org\/wp-content\/uploads\/2022\/03\/IMG-20220309-WA0004-768x576.jpg 768w, https:\/\/www.saintbenoit-mayombe.org\/wp-content\/uploads\/2022\/03\/IMG-20220309-WA0004.jpg 1040w\" sizes=\"(max-width: 456px) 100vw, 456px\" \/><\/figure><\/div>\n<\/div>\n<\/div>\n\n\n\n<p class=\"has-text-align-center\"> <\/p>\n","protected":false},"excerpt":{"rendered":"<p>PROJET DE CONSTRUCTION DU CENTRE LAUDATO SII Ici ,on assiste \u00e0 la B\u00e9n\u00e9diction pour l&rsquo;ouverture des travaux de construction dudit centre pour l&rsquo;animation et l&rsquo;\u00e9ducation \u00e0 l&rsquo;\u00e9cologie. DEPLOIEMENT DES ARBRES FRUITIERS L&rsquo;\u0152uvre Saint Beno\u00eet poursuit sa politique du reboisement, ici, l&rsquo;accent est mis dans l&rsquo;alternance des arbres fruitiers et d&rsquo;autres esp\u00e8ces. Nous avons par exemple [&hellip;]<\/p>\n","protected":false},"author":1,"featured_media":0,"parent":0,"menu_order":0,"comment_status":"closed","ping_status":"closed","template":"","meta":[],"yoast_head":"<!-- This site is optimized with the Yoast SEO plugin v17.8 - https:\/\/yoast.com\/wordpress\/plugins\/seo\/ -->\n<title>Environnement - \u0152uvre Saint Benoit<\/title>\n<meta name=\"robots\" content=\"noindex, follow, max-snippet:-1, max-image-preview:large, max-video-preview:-1\" \/>\n<meta property=\"og:locale\" content=\"fr_FR\" \/>\n<meta property=\"og:type\" content=\"article\" \/>\n<meta property=\"og:title\" content=\"Environnement - \u0152uvre Saint Benoit\" \/>\n<meta property=\"og:description\" content=\"PROJET DE CONSTRUCTION DU CENTRE LAUDATO SII Ici ,on assiste \u00e0 la B\u00e9n\u00e9diction pour l&rsquo;ouverture des travaux de construction dudit centre pour l&rsquo;animation et l&rsquo;\u00e9ducation \u00e0 l&rsquo;\u00e9cologie. DEPLOIEMENT DES ARBRES FRUITIERS L&rsquo;\u0152uvre Saint Beno\u00eet poursuit sa politique du reboisement, ici, l&rsquo;accent est mis dans l&rsquo;alternance des arbres fruitiers et d&rsquo;autres esp\u00e8ces. Nous avons par exemple [&hellip;]\" \/>\n<meta property=\"og:url\" content=\"https:\/\/www.saintbenoit-mayombe.org\/index.php\/environnement\/\" \/>\n<meta property=\"og:site_name\" content=\"\u0152uvre Saint Benoit\" \/>\n<meta property=\"article:modified_time\" content=\"2022-03-09T21:24:19+00:00\" \/>\n<meta property=\"og:image\" content=\"https:\/\/www.saintbenoit-mayombe.org\/wp-content\/uploads\/2022\/02\/IMG-20220216-WA0003-1024x768.jpg\" \/>\n<meta name=\"twitter:card\" content=\"summary_large_image\" \/>\n<meta name=\"twitter:label1\" content=\"Dur\u00e9e de lecture estim\u00e9e\" \/>\n\t<meta name=\"twitter:data1\" content=\"3 minutes\" \/>\n<script type=\"application\/ld+json\" class=\"yoast-schema-graph\">{\"@context\":\"https:\/\/schema.org\",\"@graph\":[{\"@type\":\"WebSite\",\"@id\":\"https:\/\/www.saintbenoit-mayombe.org\/#website\",\"url\":\"https:\/\/www.saintbenoit-mayombe.org\/\",\"name\":\"\\u0152uvre Saint Benoit\",\"description\":\"Pour le d\\u00e9veloppement de tout l&#039;homme\",\"potentialAction\":[{\"@type\":\"SearchAction\",\"target\":{\"@type\":\"EntryPoint\",\"urlTemplate\":\"https:\/\/www.saintbenoit-mayombe.org\/?s={search_term_string}\"},\"query-input\":\"required name=search_term_string\"}],\"inLanguage\":\"fr-FR\"},{\"@type\":\"ImageObject\",\"@id\":\"https:\/\/www.saintbenoit-mayombe.org\/index.php\/environnement\/#primaryimage\",\"inLanguage\":\"fr-FR\",\"url\":\"https:\/\/www.saintbenoit-mayombe.org\/wp-content\/uploads\/2022\/02\/IMG-20220216-WA0003.jpg\",\"contentUrl\":\"https:\/\/www.saintbenoit-mayombe.org\/wp-content\/uploads\/2022\/02\/IMG-20220216-WA0003.jpg\",\"width\":1040,\"height\":780},{\"@type\":\"WebPage\",\"@id\":\"https:\/\/www.saintbenoit-mayombe.org\/index.php\/environnement\/#webpage\",\"url\":\"https:\/\/www.saintbenoit-mayombe.org\/index.php\/environnement\/\",\"name\":\"Environnement - \\u0152uvre Saint Benoit\",\"isPartOf\":{\"@id\":\"https:\/\/www.saintbenoit-mayombe.org\/#website\"},\"primaryImageOfPage\":{\"@id\":\"https:\/\/www.saintbenoit-mayombe.org\/index.php\/environnement\/#primaryimage\"},\"datePublished\":\"2021-01-23T10:36:10+00:00\",\"dateModified\":\"2022-03-09T21:24:19+00:00\",\"breadcrumb\":{\"@id\":\"https:\/\/www.saintbenoit-mayombe.org\/index.php\/environnement\/#breadcrumb\"},\"inLanguage\":\"fr-FR\",\"potentialAction\":[{\"@type\":\"ReadAction\",\"target\":[\"https:\/\/www.saintbenoit-mayombe.org\/index.php\/environnement\/\"]}]},{\"@type\":\"BreadcrumbList\",\"@id\":\"https:\/\/www.saintbenoit-mayombe.org\/index.php\/environnement\/#breadcrumb\",\"itemListElement\":[{\"@type\":\"ListItem\",\"position\":1,\"name\":\"Home\",\"item\":\"https:\/\/www.saintbenoit-mayombe.org\/\"},{\"@type\":\"ListItem\",\"position\":2,\"name\":\"Environnement\"}]}]}<\/script>\n<!-- \/ Yoast SEO plugin. -->","yoast_head_json":{"title":"Environnement - \u0152uvre Saint Benoit","robots":{"index":"noindex","follow":"follow","max-snippet":"max-snippet:-1","max-image-preview":"max-image-preview:large","max-video-preview":"max-video-preview:-1"},"og_locale":"fr_FR","og_type":"article","og_title":"Environnement - \u0152uvre Saint Benoit","og_description":"PROJET DE CONSTRUCTION DU CENTRE LAUDATO SII Ici ,on assiste \u00e0 la B\u00e9n\u00e9diction pour l&rsquo;ouverture des travaux de construction dudit centre pour l&rsquo;animation et l&rsquo;\u00e9ducation \u00e0 l&rsquo;\u00e9cologie. DEPLOIEMENT DES ARBRES FRUITIERS L&rsquo;\u0152uvre Saint Beno\u00eet poursuit sa politique du reboisement, ici, l&rsquo;accent est mis dans l&rsquo;alternance des arbres fruitiers et d&rsquo;autres esp\u00e8ces. Nous avons par exemple [&hellip;]","og_url":"https:\/\/www.saintbenoit-mayombe.org\/index.php\/environnement\/","og_site_name":"\u0152uvre Saint Benoit","article_modified_time":"2022-03-09T21:24:19+00:00","og_image":[{"url":"https:\/\/www.saintbenoit-mayombe.org\/wp-content\/uploads\/2022\/02\/IMG-20220216-WA0003-1024x768.jpg"}],"twitter_card":"summary_large_image","twitter_misc":{"Dur\u00e9e de lecture estim\u00e9e":"3 minutes"},"schema":{"@context":"https:\/\/schema.org","@graph":[{"@type":"WebSite","@id":"https:\/\/www.saintbenoit-mayombe.org\/#website","url":"https:\/\/www.saintbenoit-mayombe.org\/","name":"\u0152uvre Saint Benoit","description":"Pour le d\u00e9veloppement de tout l&#039;homme","potentialAction":[{"@type":"SearchAction","target":{"@type":"EntryPoint","urlTemplate":"https:\/\/www.saintbenoit-mayombe.org\/?s={search_term_string}"},"query-input":"required name=search_term_string"}],"inLanguage":"fr-FR"},{"@type":"ImageObject","@id":"https:\/\/www.saintbenoit-mayombe.org\/index.php\/environnement\/#primaryimage","inLanguage":"fr-FR","url":"https:\/\/www.saintbenoit-mayombe.org\/wp-content\/uploads\/2022\/02\/IMG-20220216-WA0003.jpg","contentUrl":"https:\/\/www.saintbenoit-mayombe.org\/wp-content\/uploads\/2022\/02\/IMG-20220216-WA0003.jpg","width":1040,"height":780},{"@type":"WebPage","@id":"https:\/\/www.saintbenoit-mayombe.org\/index.php\/environnement\/#webpage","url":"https:\/\/www.saintbenoit-mayombe.org\/index.php\/environnement\/","name":"Environnement - \u0152uvre Saint Benoit","isPartOf":{"@id":"https:\/\/www.saintbenoit-mayombe.org\/#website"},"primaryImageOfPage":{"@id":"https:\/\/www.saintbenoit-mayombe.org\/index.php\/environnement\/#primaryimage"},"datePublished":"2021-01-23T10:36:10+00:00","dateModified":"2022-03-09T21:24:19+00:00","breadcrumb":{"@id":"https:\/\/www.saintbenoit-mayombe.org\/index.php\/environnement\/#breadcrumb"},"inLanguage":"fr-FR","potentialAction":[{"@type":"ReadAction","target":["https:\/\/www.saintbenoit-mayombe.org\/index.php\/environnement\/"]}]},{"@type":"BreadcrumbList","@id":"https:\/\/www.saintbenoit-mayombe.org\/index.php\/environnement\/#breadcrumb","itemListElement":[{"@type":"ListItem","position":1,"name":"Home","item":"https:\/\/www.saintbenoit-mayombe.org\/"},{"@type":"ListItem","position":2,"name":"Environnement"}]}]}},"_links":{"self":[{"href":"https:\/\/www.saintbenoit-mayombe.org\/index.php\/wp-json\/wp\/v2\/pages\/138"}],"collection":[{"href":"https:\/\/www.saintbenoit-mayombe.org\/index.php\/wp-json\/wp\/v2\/pages"}],"about":[{"href":"https:\/\/www.saintbenoit-mayombe.org\/index.php\/wp-json\/wp\/v2\/types\/page"}],"author":[{"embeddable":true,"href":"https:\/\/www.saintbenoit-mayombe.org\/index.php\/wp-json\/wp\/v2\/users\/1"}],"replies":[{"embeddable":true,"href":"https:\/\/www.saintbenoit-mayombe.org\/index.php\/wp-json\/wp\/v2\/comments?post=138"}],"version-history":[{"count":18,"href":"https:\/\/www.saintbenoit-mayombe.org\/index.php\/wp-json\/wp\/v2\/pages\/138\/revisions"}],"predecessor-version":[{"id":536,"href":"https:\/\/www.saintbenoit-mayombe.org\/index.php\/wp-json\/wp\/v2\/pages\/138\/revisions\/536"}],"wp:attachment":[{"href":"https:\/\/www.saintbenoit-mayombe.org\/index.php\/wp-json\/wp\/v2\/media?parent=138"}],"curies":[{"name":"wp","href":"https:\/\/api.w.org\/{rel}","templated":true}]}}