{"id":255,"date":"2021-03-16T16:12:53","date_gmt":"2021-03-16T16:12:53","guid":{"rendered":"https:\/\/www.csb-osb.org\/?page_id=255"},"modified":"2021-06-11T17:19:36","modified_gmt":"2021-06-11T17:19:36","slug":"chaine-de-solidarite","status":"publish","type":"page","link":"https:\/\/www.saintbenoit-mayombe.org\/index.php\/chaine-de-solidarite\/","title":{"rendered":"Cha\u00eene de solidarit\u00e9"},"content":{"rendered":"\n<h1 class=\"has-text-align-center\"><span class=\"has-inline-color has-vivid-green-cyan-color\">Cha\u00eene de solidarit\u00e9<\/span><\/h1>\n\n\n\n<figure class=\"wp-block-image size-large\"><img  title=\"\" loading=\"lazy\" width=\"1024\" height=\"195\" src=\"https:\/\/www.saintbenoit-mayombe.org\/wp-content\/uploads\/2021\/04\/images-1-2-1024x195.jpeg\"  alt=\"images-1-2-1024x195 Cha\u00eene de solidarit\u00e9\"  class=\"wp-image-346\" srcset=\"https:\/\/www.saintbenoit-mayombe.org\/wp-content\/uploads\/2021\/04\/images-1-2-1024x195.jpeg 1024w, https:\/\/www.saintbenoit-mayombe.org\/wp-content\/uploads\/2021\/04\/images-1-2-300x57.jpeg 300w, https:\/\/www.saintbenoit-mayombe.org\/wp-content\/uploads\/2021\/04\/images-1-2-768x146.jpeg 768w, https:\/\/www.saintbenoit-mayombe.org\/wp-content\/uploads\/2021\/04\/images-1-2.jpeg 1230w\" sizes=\"(max-width: 1024px) 100vw, 1024px\" \/><\/figure>\n\n\n\n<p class=\"has-text-align-center\">Les diff\u00e9rentes activit\u00e9s d\u2019\u0152uvre Saint Beno\u00eet\/Mayombe implique presque toutes un minimum de financement \u00e0 r\u00e9aliser dans la transparence la plus totale.<\/p>\n\n\n\n<p class=\"has-text-align-center\">Les contributeurs ne peuvent \u00eatre que des membres de notre chaine de solidarit\u00e9.<\/p>\n\n\n\n<p class=\"has-text-align-center\">Chacun de membres de cette chaine indiquera les activit\u00e9s vers lesquelles ils d\u00e9sirent orienter ses contributions financi\u00e8res.<\/p>\n\n\n\n<p>Certaines de ces activit\u00e9s ont un co\u00fbt prohibitif, nous y reviendrons plus tard, d\u2019autres par contre, ont de co\u00fbt raisonnable c\u2019est le cas de la pluie artificielle, de bosquets forestiers du d\u00e9veloppement de p\u00e9pini\u00e8res.<\/p>\n\n\n\n<div class=\"wp-block-columns are-vertically-aligned-center\">\n<div class=\"wp-block-column is-vertically-aligned-center\" style=\"flex-basis:100%\">\n<h2 class=\"has-text-align-center\"><strong><span class=\"has-inline-color has-vivid-green-cyan-color\">Les activit\u00e9s<\/span><\/strong><\/h2>\n<\/div>\n<\/div>\n\n\n\n<ol><li><strong>La pluie artificielle <\/strong><\/li><li><strong>Cr\u00e9ation des bosquets <\/strong><\/li><li><strong>Initiative relative \u00e0 la transition climatique<\/strong><\/li><li><strong>Action en vue d&rsquo;acqu\u00e9rir des panneaux solaires, etc.<\/strong><\/li><\/ol>\n\n\n\n<p><em>La cha\u00eene de solidarit\u00e9 accepte le contr\u00f4le financier qui est une voie incontournable pour quiconque cherche \u00e0 mettre en place une gestion saine. <\/em>  <\/p>\n","protected":false},"excerpt":{"rendered":"<p>Cha\u00eene de solidarit\u00e9 Les diff\u00e9rentes activit\u00e9s d\u2019\u0152uvre Saint Beno\u00eet\/Mayombe implique presque toutes un minimum de financement \u00e0 r\u00e9aliser dans la transparence la plus totale. Les contributeurs ne peuvent \u00eatre que des membres de notre chaine de solidarit\u00e9. Chacun de membres de cette chaine indiquera les activit\u00e9s vers lesquelles ils d\u00e9sirent orienter ses contributions financi\u00e8res. Certaines [&hellip;]<\/p>\n","protected":false},"author":1,"featured_media":0,"parent":0,"menu_order":0,"comment_status":"closed","ping_status":"closed","template":"","meta":[],"yoast_head":"<!-- This site is optimized with the Yoast SEO plugin v17.8 - https:\/\/yoast.com\/wordpress\/plugins\/seo\/ -->\n<title>Cha\u00eene de solidarit\u00e9 - \u0152uvre Saint Benoit<\/title>\n<meta name=\"robots\" content=\"noindex, follow, max-snippet:-1, max-image-preview:large, max-video-preview:-1\" \/>\n<meta property=\"og:locale\" content=\"fr_FR\" \/>\n<meta property=\"og:type\" content=\"article\" \/>\n<meta property=\"og:title\" content=\"Cha\u00eene de solidarit\u00e9 - \u0152uvre Saint Benoit\" \/>\n<meta property=\"og:description\" content=\"Cha\u00eene de solidarit\u00e9 Les diff\u00e9rentes activit\u00e9s d\u2019\u0152uvre Saint Beno\u00eet\/Mayombe implique presque toutes un minimum de financement \u00e0 r\u00e9aliser dans la transparence la plus totale. Les contributeurs ne peuvent \u00eatre que des membres de notre chaine de solidarit\u00e9. Chacun de membres de cette chaine indiquera les activit\u00e9s vers lesquelles ils d\u00e9sirent orienter ses contributions financi\u00e8res. Certaines [&hellip;]\" \/>\n<meta property=\"og:url\" content=\"https:\/\/www.saintbenoit-mayombe.org\/index.php\/chaine-de-solidarite\/\" \/>\n<meta property=\"og:site_name\" content=\"\u0152uvre Saint Benoit\" \/>\n<meta property=\"article:modified_time\" content=\"2021-06-11T17:19:36+00:00\" \/>\n<meta property=\"og:image\" content=\"https:\/\/www.saintbenoit-mayombe.org\/wp-content\/uploads\/2021\/04\/images-1-2-1024x195.jpeg\" \/>\n<meta name=\"twitter:card\" content=\"summary_large_image\" \/>\n<meta name=\"twitter:label1\" content=\"Dur\u00e9e de lecture estim\u00e9e\" \/>\n\t<meta name=\"twitter:data1\" content=\"1 minute\" \/>\n<script type=\"application\/ld+json\" class=\"yoast-schema-graph\">{\"@context\":\"https:\/\/schema.org\",\"@graph\":[{\"@type\":\"WebSite\",\"@id\":\"https:\/\/www.saintbenoit-mayombe.org\/#website\",\"url\":\"https:\/\/www.saintbenoit-mayombe.org\/\",\"name\":\"\\u0152uvre Saint Benoit\",\"description\":\"Pour le d\\u00e9veloppement de tout l&#039;homme\",\"potentialAction\":[{\"@type\":\"SearchAction\",\"target\":{\"@type\":\"EntryPoint\",\"urlTemplate\":\"https:\/\/www.saintbenoit-mayombe.org\/?s={search_term_string}\"},\"query-input\":\"required name=search_term_string\"}],\"inLanguage\":\"fr-FR\"},{\"@type\":\"ImageObject\",\"@id\":\"https:\/\/www.saintbenoit-mayombe.org\/index.php\/chaine-de-solidarite\/#primaryimage\",\"inLanguage\":\"fr-FR\",\"url\":\"https:\/\/www.saintbenoit-mayombe.org\/wp-content\/uploads\/2021\/04\/images-1-2.jpeg\",\"contentUrl\":\"https:\/\/www.saintbenoit-mayombe.org\/wp-content\/uploads\/2021\/04\/images-1-2.jpeg\",\"width\":1230,\"height\":234},{\"@type\":\"WebPage\",\"@id\":\"https:\/\/www.saintbenoit-mayombe.org\/index.php\/chaine-de-solidarite\/#webpage\",\"url\":\"https:\/\/www.saintbenoit-mayombe.org\/index.php\/chaine-de-solidarite\/\",\"name\":\"Cha\\u00eene de solidarit\\u00e9 - \\u0152uvre Saint Benoit\",\"isPartOf\":{\"@id\":\"https:\/\/www.saintbenoit-mayombe.org\/#website\"},\"primaryImageOfPage\":{\"@id\":\"https:\/\/www.saintbenoit-mayombe.org\/index.php\/chaine-de-solidarite\/#primaryimage\"},\"datePublished\":\"2021-03-16T16:12:53+00:00\",\"dateModified\":\"2021-06-11T17:19:36+00:00\",\"breadcrumb\":{\"@id\":\"https:\/\/www.saintbenoit-mayombe.org\/index.php\/chaine-de-solidarite\/#breadcrumb\"},\"inLanguage\":\"fr-FR\",\"potentialAction\":[{\"@type\":\"ReadAction\",\"target\":[\"https:\/\/www.saintbenoit-mayombe.org\/index.php\/chaine-de-solidarite\/\"]}]},{\"@type\":\"BreadcrumbList\",\"@id\":\"https:\/\/www.saintbenoit-mayombe.org\/index.php\/chaine-de-solidarite\/#breadcrumb\",\"itemListElement\":[{\"@type\":\"ListItem\",\"position\":1,\"name\":\"Home\",\"item\":\"https:\/\/www.saintbenoit-mayombe.org\/\"},{\"@type\":\"ListItem\",\"position\":2,\"name\":\"Cha\\u00eene de solidarit\\u00e9\"}]}]}<\/script>\n<!-- \/ Yoast SEO plugin. -->","yoast_head_json":{"title":"Cha\u00eene de solidarit\u00e9 - \u0152uvre Saint Benoit","robots":{"index":"noindex","follow":"follow","max-snippet":"max-snippet:-1","max-image-preview":"max-image-preview:large","max-video-preview":"max-video-preview:-1"},"og_locale":"fr_FR","og_type":"article","og_title":"Cha\u00eene de solidarit\u00e9 - \u0152uvre Saint Benoit","og_description":"Cha\u00eene de solidarit\u00e9 Les diff\u00e9rentes activit\u00e9s d\u2019\u0152uvre Saint Beno\u00eet\/Mayombe implique presque toutes un minimum de financement \u00e0 r\u00e9aliser dans la transparence la plus totale. Les contributeurs ne peuvent \u00eatre que des membres de notre chaine de solidarit\u00e9. Chacun de membres de cette chaine indiquera les activit\u00e9s vers lesquelles ils d\u00e9sirent orienter ses contributions financi\u00e8res. Certaines [&hellip;]","og_url":"https:\/\/www.saintbenoit-mayombe.org\/index.php\/chaine-de-solidarite\/","og_site_name":"\u0152uvre Saint Benoit","article_modified_time":"2021-06-11T17:19:36+00:00","og_image":[{"url":"https:\/\/www.saintbenoit-mayombe.org\/wp-content\/uploads\/2021\/04\/images-1-2-1024x195.jpeg"}],"twitter_card":"summary_large_image","twitter_misc":{"Dur\u00e9e de lecture estim\u00e9e":"1 minute"},"schema":{"@context":"https:\/\/schema.org","@graph":[{"@type":"WebSite","@id":"https:\/\/www.saintbenoit-mayombe.org\/#website","url":"https:\/\/www.saintbenoit-mayombe.org\/","name":"\u0152uvre Saint Benoit","description":"Pour le d\u00e9veloppement de tout l&#039;homme","potentialAction":[{"@type":"SearchAction","target":{"@type":"EntryPoint","urlTemplate":"https:\/\/www.saintbenoit-mayombe.org\/?s={search_term_string}"},"query-input":"required name=search_term_string"}],"inLanguage":"fr-FR"},{"@type":"ImageObject","@id":"https:\/\/www.saintbenoit-mayombe.org\/index.php\/chaine-de-solidarite\/#primaryimage","inLanguage":"fr-FR","url":"https:\/\/www.saintbenoit-mayombe.org\/wp-content\/uploads\/2021\/04\/images-1-2.jpeg","contentUrl":"https:\/\/www.saintbenoit-mayombe.org\/wp-content\/uploads\/2021\/04\/images-1-2.jpeg","width":1230,"height":234},{"@type":"WebPage","@id":"https:\/\/www.saintbenoit-mayombe.org\/index.php\/chaine-de-solidarite\/#webpage","url":"https:\/\/www.saintbenoit-mayombe.org\/index.php\/chaine-de-solidarite\/","name":"Cha\u00eene de solidarit\u00e9 - \u0152uvre Saint Benoit","isPartOf":{"@id":"https:\/\/www.saintbenoit-mayombe.org\/#website"},"primaryImageOfPage":{"@id":"https:\/\/www.saintbenoit-mayombe.org\/index.php\/chaine-de-solidarite\/#primaryimage"},"datePublished":"2021-03-16T16:12:53+00:00","dateModified":"2021-06-11T17:19:36+00:00","breadcrumb":{"@id":"https:\/\/www.saintbenoit-mayombe.org\/index.php\/chaine-de-solidarite\/#breadcrumb"},"inLanguage":"fr-FR","potentialAction":[{"@type":"ReadAction","target":["https:\/\/www.saintbenoit-mayombe.org\/index.php\/chaine-de-solidarite\/"]}]},{"@type":"BreadcrumbList","@id":"https:\/\/www.saintbenoit-mayombe.org\/index.php\/chaine-de-solidarite\/#breadcrumb","itemListElement":[{"@type":"ListItem","position":1,"name":"Home","item":"https:\/\/www.saintbenoit-mayombe.org\/"},{"@type":"ListItem","position":2,"name":"Cha\u00eene de solidarit\u00e9"}]}]}},"_links":{"self":[{"href":"https:\/\/www.saintbenoit-mayombe.org\/index.php\/wp-json\/wp\/v2\/pages\/255"}],"collection":[{"href":"https:\/\/www.saintbenoit-mayombe.org\/index.php\/wp-json\/wp\/v2\/pages"}],"about":[{"href":"https:\/\/www.saintbenoit-mayombe.org\/index.php\/wp-json\/wp\/v2\/types\/page"}],"author":[{"embeddable":true,"href":"https:\/\/www.saintbenoit-mayombe.org\/index.php\/wp-json\/wp\/v2\/users\/1"}],"replies":[{"embeddable":true,"href":"https:\/\/www.saintbenoit-mayombe.org\/index.php\/wp-json\/wp\/v2\/comments?post=255"}],"version-history":[{"count":30,"href":"https:\/\/www.saintbenoit-mayombe.org\/index.php\/wp-json\/wp\/v2\/pages\/255\/revisions"}],"predecessor-version":[{"id":487,"href":"https:\/\/www.saintbenoit-mayombe.org\/index.php\/wp-json\/wp\/v2\/pages\/255\/revisions\/487"}],"wp:attachment":[{"href":"https:\/\/www.saintbenoit-mayombe.org\/index.php\/wp-json\/wp\/v2\/media?parent=255"}],"curies":[{"name":"wp","href":"https:\/\/api.w.org\/{rel}","templated":true}]}}