{"id":333,"date":"2021-04-02T12:15:26","date_gmt":"2021-04-02T12:15:26","guid":{"rendered":"https:\/\/www.csb-osb.org\/?page_id=333"},"modified":"2023-05-21T22:05:29","modified_gmt":"2023-05-21T22:05:29","slug":"apprentissage-professionnel","status":"publish","type":"page","link":"https:\/\/www.saintbenoit-mayombe.org\/index.php\/education\/apprentissage-professionnel\/","title":{"rendered":"Apprentissage professionnel"},"content":{"rendered":"\n<h1 class=\"has-text-align-center\"><strong><span class=\"has-inline-color has-vivid-green-cyan-color\">Apprentissage professionnel<\/span><\/strong><\/h1>\n\n\n\n<figure class=\"wp-block-image size-large\"><img  title=\"\" loading=\"lazy\" width=\"1024\" height=\"122\" src=\"https:\/\/www.saintbenoit-mayombe.org\/wp-content\/uploads\/2021\/04\/images-1-1024x122.png\"  alt=\"images-1-1024x122 Apprentissage professionnel\"  class=\"wp-image-400\" srcset=\"https:\/\/www.saintbenoit-mayombe.org\/wp-content\/uploads\/2021\/04\/images-1-1024x122.png 1024w, https:\/\/www.saintbenoit-mayombe.org\/wp-content\/uploads\/2021\/04\/images-1-300x36.png 300w, https:\/\/www.saintbenoit-mayombe.org\/wp-content\/uploads\/2021\/04\/images-1-768x91.png 768w, https:\/\/www.saintbenoit-mayombe.org\/wp-content\/uploads\/2021\/04\/images-1-1536x182.png 1536w, https:\/\/www.saintbenoit-mayombe.org\/wp-content\/uploads\/2021\/04\/images-1.png 2020w\" sizes=\"(max-width: 1024px) 100vw, 1024px\" \/><\/figure>\n\n\n\n<p class=\"has-text-align-center\"><strong>L\u2019apprentissage professionnel est d\u2019abord pens\u00e9 comme un double processus d\u2019\u00e9laboration-conception et de construction-d\u00e9veloppement de savoirs n\u00e9cessaires \u00e0 l\u2019exercice d\u2019un travail, d\u2019un m\u00e9tier ou d\u2019une profession.<\/strong><\/p>\n\n\n\n<pre id=\"block-cd70f0ab-a446-4f67-9994-82e92f7ff1c5\" class=\"wp-block-preformatted\"><\/pre>\n\n\n\n<h2>PRISE EN CHARGE DES HANDICAPES <\/h2>\n\n\n\n<p>Madame Martine, handicap\u00e9e et m\u00e8re de deux enfants. Elle m\u00eame est orpheline de p\u00e8re et de m\u00e8re, n\u00e9e d&rsquo;une famille de cinq enfants dont trois handicap\u00e9s. Elle a eu le courage d&rsquo;apprendre le m\u00e9tier de coupe et couture. L&rsquo;Oeuvre Saint Benoit lui apporte un secours pour l&rsquo;achat des intrants.<\/p>\n\n\n\n<figure class=\"wp-block-gallery has-nested-images columns-default is-cropped\">\n<figure class=\"wp-block-image size-large\"><img  title=\"\" loading=\"lazy\" width=\"768\" height=\"1024\" data-id=\"876\"  src=\"https:\/\/www.saintbenoit-mayombe.org\/wp-content\/uploads\/2023\/05\/IMG-20230520-WA0039-768x1024.jpg\"  alt=\"IMG-20230520-WA0039-768x1024 Apprentissage professionnel\"  class=\"wp-image-876\" srcset=\"https:\/\/www.saintbenoit-mayombe.org\/wp-content\/uploads\/2023\/05\/IMG-20230520-WA0039-768x1024.jpg 768w, https:\/\/www.saintbenoit-mayombe.org\/wp-content\/uploads\/2023\/05\/IMG-20230520-WA0039-225x300.jpg 225w, https:\/\/www.saintbenoit-mayombe.org\/wp-content\/uploads\/2023\/05\/IMG-20230520-WA0039.jpg 780w\" sizes=\"(max-width: 768px) 100vw, 768px\" \/><\/figure>\n\n\n\n<figure class=\"wp-block-image size-large\"><img  title=\"\" loading=\"lazy\" width=\"768\" height=\"1024\" data-id=\"877\"  src=\"https:\/\/www.saintbenoit-mayombe.org\/wp-content\/uploads\/2023\/05\/IMG-20230520-WA0043-768x1024.jpg\"  alt=\"IMG-20230520-WA0043-768x1024 Apprentissage professionnel\"  class=\"wp-image-877\" srcset=\"https:\/\/www.saintbenoit-mayombe.org\/wp-content\/uploads\/2023\/05\/IMG-20230520-WA0043-768x1024.jpg 768w, https:\/\/www.saintbenoit-mayombe.org\/wp-content\/uploads\/2023\/05\/IMG-20230520-WA0043-225x300.jpg 225w, https:\/\/www.saintbenoit-mayombe.org\/wp-content\/uploads\/2023\/05\/IMG-20230520-WA0043.jpg 780w\" sizes=\"(max-width: 768px) 100vw, 768px\" \/><\/figure>\n<figcaption class=\"blocks-gallery-caption\">R\u00e9alis\u00e9e le 20\/05\/2023<\/figcaption><\/figure>\n\n\n\n<p><\/p>\n\n\n\n<p><\/p>\n","protected":false},"excerpt":{"rendered":"<p>Apprentissage professionnel L\u2019apprentissage professionnel est d\u2019abord pens\u00e9 comme un double processus d\u2019\u00e9laboration-conception et de construction-d\u00e9veloppement de savoirs n\u00e9cessaires \u00e0 l\u2019exercice d\u2019un travail, d\u2019un m\u00e9tier ou d\u2019une profession. PRISE EN CHARGE DES HANDICAPES Madame Martine, handicap\u00e9e et m\u00e8re de deux enfants. Elle m\u00eame est orpheline de p\u00e8re et de m\u00e8re, n\u00e9e d&rsquo;une famille de cinq enfants [&hellip;]<\/p>\n","protected":false},"author":1,"featured_media":0,"parent":136,"menu_order":0,"comment_status":"closed","ping_status":"closed","template":"","meta":[],"yoast_head":"<!-- This site is optimized with the Yoast SEO plugin v17.8 - https:\/\/yoast.com\/wordpress\/plugins\/seo\/ -->\n<title>Apprentissage professionnel - \u0152uvre Saint Benoit<\/title>\n<meta name=\"robots\" content=\"noindex, follow, max-snippet:-1, max-image-preview:large, max-video-preview:-1\" \/>\n<meta property=\"og:locale\" content=\"fr_FR\" \/>\n<meta property=\"og:type\" content=\"article\" \/>\n<meta property=\"og:title\" content=\"Apprentissage professionnel - \u0152uvre Saint Benoit\" \/>\n<meta property=\"og:description\" content=\"Apprentissage professionnel L\u2019apprentissage professionnel est d\u2019abord pens\u00e9 comme un double processus d\u2019\u00e9laboration-conception et de construction-d\u00e9veloppement de savoirs n\u00e9cessaires \u00e0 l\u2019exercice d\u2019un travail, d\u2019un m\u00e9tier ou d\u2019une profession. PRISE EN CHARGE DES HANDICAPES Madame Martine, handicap\u00e9e et m\u00e8re de deux enfants. Elle m\u00eame est orpheline de p\u00e8re et de m\u00e8re, n\u00e9e d&rsquo;une famille de cinq enfants [&hellip;]\" \/>\n<meta property=\"og:url\" content=\"https:\/\/www.saintbenoit-mayombe.org\/index.php\/education\/apprentissage-professionnel\/\" \/>\n<meta property=\"og:site_name\" content=\"\u0152uvre Saint Benoit\" \/>\n<meta property=\"article:modified_time\" content=\"2023-05-21T22:05:29+00:00\" \/>\n<meta property=\"og:image\" content=\"https:\/\/www.saintbenoit-mayombe.org\/wp-content\/uploads\/2021\/04\/images-1-1024x122.png\" \/>\n<meta name=\"twitter:card\" content=\"summary_large_image\" \/>\n<meta name=\"twitter:label1\" content=\"Dur\u00e9e de lecture estim\u00e9e\" \/>\n\t<meta name=\"twitter:data1\" content=\"2 minutes\" \/>\n<script type=\"application\/ld+json\" class=\"yoast-schema-graph\">{\"@context\":\"https:\/\/schema.org\",\"@graph\":[{\"@type\":\"WebSite\",\"@id\":\"https:\/\/www.saintbenoit-mayombe.org\/#website\",\"url\":\"https:\/\/www.saintbenoit-mayombe.org\/\",\"name\":\"\\u0152uvre Saint Benoit\",\"description\":\"Pour le d\\u00e9veloppement de tout l&#039;homme\",\"potentialAction\":[{\"@type\":\"SearchAction\",\"target\":{\"@type\":\"EntryPoint\",\"urlTemplate\":\"https:\/\/www.saintbenoit-mayombe.org\/?s={search_term_string}\"},\"query-input\":\"required name=search_term_string\"}],\"inLanguage\":\"fr-FR\"},{\"@type\":\"ImageObject\",\"@id\":\"https:\/\/www.saintbenoit-mayombe.org\/index.php\/education\/apprentissage-professionnel\/#primaryimage\",\"inLanguage\":\"fr-FR\",\"url\":\"https:\/\/www.saintbenoit-mayombe.org\/wp-content\/uploads\/2021\/04\/images-1.png\",\"contentUrl\":\"https:\/\/www.saintbenoit-mayombe.org\/wp-content\/uploads\/2021\/04\/images-1.png\",\"width\":2020,\"height\":240},{\"@type\":\"WebPage\",\"@id\":\"https:\/\/www.saintbenoit-mayombe.org\/index.php\/education\/apprentissage-professionnel\/#webpage\",\"url\":\"https:\/\/www.saintbenoit-mayombe.org\/index.php\/education\/apprentissage-professionnel\/\",\"name\":\"Apprentissage professionnel - \\u0152uvre Saint Benoit\",\"isPartOf\":{\"@id\":\"https:\/\/www.saintbenoit-mayombe.org\/#website\"},\"primaryImageOfPage\":{\"@id\":\"https:\/\/www.saintbenoit-mayombe.org\/index.php\/education\/apprentissage-professionnel\/#primaryimage\"},\"datePublished\":\"2021-04-02T12:15:26+00:00\",\"dateModified\":\"2023-05-21T22:05:29+00:00\",\"breadcrumb\":{\"@id\":\"https:\/\/www.saintbenoit-mayombe.org\/index.php\/education\/apprentissage-professionnel\/#breadcrumb\"},\"inLanguage\":\"fr-FR\",\"potentialAction\":[{\"@type\":\"ReadAction\",\"target\":[\"https:\/\/www.saintbenoit-mayombe.org\/index.php\/education\/apprentissage-professionnel\/\"]}]},{\"@type\":\"BreadcrumbList\",\"@id\":\"https:\/\/www.saintbenoit-mayombe.org\/index.php\/education\/apprentissage-professionnel\/#breadcrumb\",\"itemListElement\":[{\"@type\":\"ListItem\",\"position\":1,\"name\":\"Home\",\"item\":\"https:\/\/www.saintbenoit-mayombe.org\/\"},{\"@type\":\"ListItem\",\"position\":2,\"name\":\"Education\",\"item\":\"https:\/\/www.saintbenoit-mayombe.org\/index.php\/education\/\"},{\"@type\":\"ListItem\",\"position\":3,\"name\":\"Apprentissage professionnel\"}]}]}<\/script>\n<!-- \/ Yoast SEO plugin. -->","yoast_head_json":{"title":"Apprentissage professionnel - \u0152uvre Saint Benoit","robots":{"index":"noindex","follow":"follow","max-snippet":"max-snippet:-1","max-image-preview":"max-image-preview:large","max-video-preview":"max-video-preview:-1"},"og_locale":"fr_FR","og_type":"article","og_title":"Apprentissage professionnel - \u0152uvre Saint Benoit","og_description":"Apprentissage professionnel L\u2019apprentissage professionnel est d\u2019abord pens\u00e9 comme un double processus d\u2019\u00e9laboration-conception et de construction-d\u00e9veloppement de savoirs n\u00e9cessaires \u00e0 l\u2019exercice d\u2019un travail, d\u2019un m\u00e9tier ou d\u2019une profession. PRISE EN CHARGE DES HANDICAPES Madame Martine, handicap\u00e9e et m\u00e8re de deux enfants. Elle m\u00eame est orpheline de p\u00e8re et de m\u00e8re, n\u00e9e d&rsquo;une famille de cinq enfants [&hellip;]","og_url":"https:\/\/www.saintbenoit-mayombe.org\/index.php\/education\/apprentissage-professionnel\/","og_site_name":"\u0152uvre Saint Benoit","article_modified_time":"2023-05-21T22:05:29+00:00","og_image":[{"url":"https:\/\/www.saintbenoit-mayombe.org\/wp-content\/uploads\/2021\/04\/images-1-1024x122.png"}],"twitter_card":"summary_large_image","twitter_misc":{"Dur\u00e9e de lecture estim\u00e9e":"2 minutes"},"schema":{"@context":"https:\/\/schema.org","@graph":[{"@type":"WebSite","@id":"https:\/\/www.saintbenoit-mayombe.org\/#website","url":"https:\/\/www.saintbenoit-mayombe.org\/","name":"\u0152uvre Saint Benoit","description":"Pour le d\u00e9veloppement de tout l&#039;homme","potentialAction":[{"@type":"SearchAction","target":{"@type":"EntryPoint","urlTemplate":"https:\/\/www.saintbenoit-mayombe.org\/?s={search_term_string}"},"query-input":"required name=search_term_string"}],"inLanguage":"fr-FR"},{"@type":"ImageObject","@id":"https:\/\/www.saintbenoit-mayombe.org\/index.php\/education\/apprentissage-professionnel\/#primaryimage","inLanguage":"fr-FR","url":"https:\/\/www.saintbenoit-mayombe.org\/wp-content\/uploads\/2021\/04\/images-1.png","contentUrl":"https:\/\/www.saintbenoit-mayombe.org\/wp-content\/uploads\/2021\/04\/images-1.png","width":2020,"height":240},{"@type":"WebPage","@id":"https:\/\/www.saintbenoit-mayombe.org\/index.php\/education\/apprentissage-professionnel\/#webpage","url":"https:\/\/www.saintbenoit-mayombe.org\/index.php\/education\/apprentissage-professionnel\/","name":"Apprentissage professionnel - \u0152uvre Saint Benoit","isPartOf":{"@id":"https:\/\/www.saintbenoit-mayombe.org\/#website"},"primaryImageOfPage":{"@id":"https:\/\/www.saintbenoit-mayombe.org\/index.php\/education\/apprentissage-professionnel\/#primaryimage"},"datePublished":"2021-04-02T12:15:26+00:00","dateModified":"2023-05-21T22:05:29+00:00","breadcrumb":{"@id":"https:\/\/www.saintbenoit-mayombe.org\/index.php\/education\/apprentissage-professionnel\/#breadcrumb"},"inLanguage":"fr-FR","potentialAction":[{"@type":"ReadAction","target":["https:\/\/www.saintbenoit-mayombe.org\/index.php\/education\/apprentissage-professionnel\/"]}]},{"@type":"BreadcrumbList","@id":"https:\/\/www.saintbenoit-mayombe.org\/index.php\/education\/apprentissage-professionnel\/#breadcrumb","itemListElement":[{"@type":"ListItem","position":1,"name":"Home","item":"https:\/\/www.saintbenoit-mayombe.org\/"},{"@type":"ListItem","position":2,"name":"Education","item":"https:\/\/www.saintbenoit-mayombe.org\/index.php\/education\/"},{"@type":"ListItem","position":3,"name":"Apprentissage professionnel"}]}]}},"_links":{"self":[{"href":"https:\/\/www.saintbenoit-mayombe.org\/index.php\/wp-json\/wp\/v2\/pages\/333"}],"collection":[{"href":"https:\/\/www.saintbenoit-mayombe.org\/index.php\/wp-json\/wp\/v2\/pages"}],"about":[{"href":"https:\/\/www.saintbenoit-mayombe.org\/index.php\/wp-json\/wp\/v2\/types\/page"}],"author":[{"embeddable":true,"href":"https:\/\/www.saintbenoit-mayombe.org\/index.php\/wp-json\/wp\/v2\/users\/1"}],"replies":[{"embeddable":true,"href":"https:\/\/www.saintbenoit-mayombe.org\/index.php\/wp-json\/wp\/v2\/comments?post=333"}],"version-history":[{"count":12,"href":"https:\/\/www.saintbenoit-mayombe.org\/index.php\/wp-json\/wp\/v2\/pages\/333\/revisions"}],"predecessor-version":[{"id":878,"href":"https:\/\/www.saintbenoit-mayombe.org\/index.php\/wp-json\/wp\/v2\/pages\/333\/revisions\/878"}],"up":[{"embeddable":true,"href":"https:\/\/www.saintbenoit-mayombe.org\/index.php\/wp-json\/wp\/v2\/pages\/136"}],"wp:attachment":[{"href":"https:\/\/www.saintbenoit-mayombe.org\/index.php\/wp-json\/wp\/v2\/media?parent=333"}],"curies":[{"name":"wp","href":"https:\/\/api.w.org\/{rel}","templated":true}]}}

<h1 class="has-text-align-center"><strong><span class="has-inline-color has-vivid-green-cyan-color">Apprentissage professionnel</span></strong></h1>



<figure class="wp-block-image size-large"><img  title="" loading="lazy" width="1024" height="122" src="https://www.saintbenoit-mayombe.org/wp-content/uploads/2021/04/images-1-1024x122.png"  alt="images-1-1024x122 Apprentissage professionnel"  class="wp-image-400" srcset="https://www.saintbenoit-mayombe.org/wp-content/uploads/2021/04/images-1-1024x122.png 1024w, https://www.saintbenoit-mayombe.org/wp-content/uploads/2021/04/images-1-300x36.png 300w, https://www.saintbenoit-mayombe.org/wp-content/uploads/2021/04/images-1-768x91.png 768w, https://www.saintbenoit-mayombe.org/wp-content/uploads/2021/04/images-1-1536x182.png 1536w, https://www.saintbenoit-mayombe.org/wp-content/uploads/2021/04/images-1.png 2020w" sizes="(max-width: 1024px) 100vw, 1024px" /></figure>



<p class="has-text-align-center"><strong>L’apprentissage professionnel est d’abord pensé comme un double processus d’élaboration-conception et de construction-développement de savoirs nécessaires à l’exercice d’un travail, d’un métier ou d’une profession.</strong></p>



<pre id="block-cd70f0ab-a446-4f67-9994-82e92f7ff1c5" class="wp-block-preformatted"></pre>



<h2>PRISE EN CHARGE DES HANDICAPES </h2>



<p>Madame Martine, handicapée et mère de deux enfants. Elle même est orpheline de père et de mère, née d&rsquo;une famille de cinq enfants dont trois handicapés. Elle a eu le courage d&rsquo;apprendre le métier de coupe et couture. L&rsquo;Oeuvre Saint Benoit lui apporte un secours pour l&rsquo;achat des intrants.</p>



<figure class="wp-block-gallery has-nested-images columns-default is-cropped">
<figure class="wp-block-image size-large"><img  title="" loading="lazy" width="768" height="1024" data-id="876"  src="https://www.saintbenoit-mayombe.org/wp-content/uploads/2023/05/IMG-20230520-WA0039-768x1024.jpg"  alt="IMG-20230520-WA0039-768x1024 Apprentissage professionnel"  class="wp-image-876" srcset="https://www.saintbenoit-mayombe.org/wp-content/uploads/2023/05/IMG-20230520-WA0039-768x1024.jpg 768w, https://www.saintbenoit-mayombe.org/wp-content/uploads/2023/05/IMG-20230520-WA0039-225x300.jpg 225w, https://www.saintbenoit-mayombe.org/wp-content/uploads/2023/05/IMG-20230520-WA0039.jpg 780w" sizes="(max-width: 768px) 100vw, 768px" /></figure>



<figure class="wp-block-image size-large"><img  title="" loading="lazy" width="768" height="1024" data-id="877"  src="https://www.saintbenoit-mayombe.org/wp-content/uploads/2023/05/IMG-20230520-WA0043-768x1024.jpg"  alt="IMG-20230520-WA0043-768x1024 Apprentissage professionnel"  class="wp-image-877" srcset="https://www.saintbenoit-mayombe.org/wp-content/uploads/2023/05/IMG-20230520-WA0043-768x1024.jpg 768w, https://www.saintbenoit-mayombe.org/wp-content/uploads/2023/05/IMG-20230520-WA0043-225x300.jpg 225w, https://www.saintbenoit-mayombe.org/wp-content/uploads/2023/05/IMG-20230520-WA0043.jpg 780w" sizes="(max-width: 768px) 100vw, 768px" /></figure>
<figcaption class="blocks-gallery-caption">Réalisée le 20/05/2023</figcaption></figure>



<p></p>



<p></p>

<p>Apprentissage professionnel L’apprentissage professionnel est d’abord pensé comme un double processus d’élaboration-conception et de construction-développement de savoirs nécessaires à l’exercice d’un travail, d’un métier ou d’une profession. PRISE EN CHARGE DES HANDICAPES Madame Martine, handicapée et mère de deux enfants. Elle même est orpheline de père et de mère, née d&rsquo;une famille de cinq enfants [&hellip;]</p>

<!-- This site is optimized with the Yoast SEO plugin v17.8 - https://yoast.com/wordpress/plugins/seo/ -->
<title>Apprentissage professionnel - Œuvre Saint Benoit</title>
<meta name="robots" content="noindex, follow, max-snippet:-1, max-image-preview:large, max-video-preview:-1" />
<meta property="og:locale" content="fr_FR" />
<meta property="og:type" content="article" />
<meta property="og:title" content="Apprentissage professionnel - Œuvre Saint Benoit" />
<meta property="og:description" content="Apprentissage professionnel L’apprentissage professionnel est d’abord pensé comme un double processus d’élaboration-conception et de construction-développement de savoirs nécessaires à l’exercice d’un travail, d’un métier ou d’une profession. PRISE EN CHARGE DES HANDICAPES Madame Martine, handicapée et mère de deux enfants. Elle même est orpheline de père et de mère, née d&rsquo;une famille de cinq enfants [&hellip;]" />
<meta property="og:url" content="https://www.saintbenoit-mayombe.org/index.php/education/apprentissage-professionnel/" />
<meta property="og:site_name" content="Œuvre Saint Benoit" />
<meta property="article:modified_time" content="2023-05-21T22:05:29+00:00" />
<meta property="og:image" content="https://www.saintbenoit-mayombe.org/wp-content/uploads/2021/04/images-1-1024x122.png" />
<meta name="twitter:card" content="summary_large_image" />
<meta name="twitter:label1" content="Durée de lecture estimée" />
	<meta name="twitter:data1" content="2 minutes" />
<script type="application/ld+json" class="yoast-schema-graph">{"@context":"https://schema.org","@graph":[{"@type":"WebSite","@id":"https://www.saintbenoit-mayombe.org/#website","url":"https://www.saintbenoit-mayombe.org/","name":"\u0152uvre Saint Benoit","description":"Pour le d\u00e9veloppement de tout l&#039;homme","potentialAction":[{"@type":"SearchAction","target":{"@type":"EntryPoint","urlTemplate":"https://www.saintbenoit-mayombe.org/?s={search_term_string}"},"query-input":"required name=search_term_string"}],"inLanguage":"fr-FR"},{"@type":"ImageObject","@id":"https://www.saintbenoit-mayombe.org/index.php/education/apprentissage-professionnel/#primaryimage","inLanguage":"fr-FR","url":"https://www.saintbenoit-mayombe.org/wp-content/uploads/2021/04/images-1.png","contentUrl":"https://www.saintbenoit-mayombe.org/wp-content/uploads/2021/04/images-1.png","width":2020,"height":240},{"@type":"WebPage","@id":"https://www.saintbenoit-mayombe.org/index.php/education/apprentissage-professionnel/#webpage","url":"https://www.saintbenoit-mayombe.org/index.php/education/apprentissage-professionnel/","name":"Apprentissage professionnel - \u0152uvre Saint Benoit","isPartOf":{"@id":"https://www.saintbenoit-mayombe.org/#website"},"primaryImageOfPage":{"@id":"https://www.saintbenoit-mayombe.org/index.php/education/apprentissage-professionnel/#primaryimage"},"datePublished":"2021-04-02T12:15:26+00:00","dateModified":"2023-05-21T22:05:29+00:00","breadcrumb":{"@id":"https://www.saintbenoit-mayombe.org/index.php/education/apprentissage-professionnel/#breadcrumb"},"inLanguage":"fr-FR","potentialAction":[{"@type":"ReadAction","target":["https://www.saintbenoit-mayombe.org/index.php/education/apprentissage-professionnel/"]}]},{"@type":"BreadcrumbList","@id":"https://www.saintbenoit-mayombe.org/index.php/education/apprentissage-professionnel/#breadcrumb","itemListElement":[{"@type":"ListItem","position":1,"name":"Home","item":"https://www.saintbenoit-mayombe.org/"},{"@type":"ListItem","position":2,"name":"Education","item":"https://www.saintbenoit-mayombe.org/index.php/education/"},{"@type":"ListItem","position":3,"name":"Apprentissage professionnel"}]}]}</script>
<!-- / Yoast SEO plugin. -->

Apprentissage professionnel - Œuvre Saint Benoit

Apprentissage professionnel L’apprentissage professionnel est d’abord pensé comme un double processus d’élaboration-conception et de construction-développement de savoirs nécessaires à l’exercice d’un travail, d’un métier ou d’une profession. PRISE EN CHARGE DES HANDICAPES Madame Martine, handicapée et mère de deux enfants. Elle même est orpheline de père et de mère, née d&rsquo;une famille de cinq enfants [&hellip;]

Œuvre Saint Benoit

Pour le développement de tout l&#039;homme
