{"id":416,"date":"2021-04-02T14:04:07","date_gmt":"2021-04-02T14:04:07","guid":{"rendered":"https:\/\/www.csb-osb.org\/?page_id=416"},"modified":"2025-10-31T07:58:20","modified_gmt":"2025-10-31T07:58:20","slug":"historique-2","status":"publish","type":"page","link":"https:\/\/www.saintbenoit-mayombe.org\/index.php\/nos-objectifs\/historique-2\/","title":{"rendered":"Historique"},"content":{"rendered":"\n<h1><mark style=\"background-color:rgba(0, 0, 0, 0)\" class=\"has-inline-color has-vivid-green-cyan-color\">Historique<\/mark><\/h1>\n\n\n\n<blockquote class=\"wp-block-quote\"><p>\u00ab&nbsp;Les pauvres, en effet, vous les aurez toujours avec vous&nbsp;\u00bb<\/p><cite>Jean 12, 8<\/cite><\/blockquote>\n\n\n\n<p><\/p>\n\n\n\n<p>Les in\u00e9galit\u00e9s sont inh\u00e9rentes \u00e0 toute soci\u00e9t\u00e9 humaine. Cette r\u00e9alit\u00e9 est \u00e0 l\u2019origine non seulement de la d\u00e9pendance les uns des autres mais du besoin et du devoir social et humain de la solidarit\u00e9 entre les hommes.<\/p>\n\n\n\n<p><br>A travers l\u2019histoire, certaines personnalit\u00e9s ou familles ont marqu\u00e9 leur existence par une attention inconditionnelle face aux in\u00e9galit\u00e9s naturelles ou structurelles. Cette attention a converg\u00e9 vers une solidarit\u00e9 locale, nationale ou internationale organis\u00e9e soit individuellement, soit collectivement. D\u2019autres personnalit\u00e9s ou groupe de personnes sont \u00e0 l\u2019origine des associations, des congr\u00e9gations, des Fondations, des organismes, ect\u2026<\/p>\n\n\n\n<p><br>Parmi ces personnalit\u00e9s, nous citons Saint Vincent de Paul qui a marqu\u00e9 ses contemporains par son attention agissante vis-\u00e0-vis de la mis\u00e8re sociale et physique de son \u00e9poque. Cette action ayant travers\u00e9 les fronti\u00e8res territoriales, nationales des pays occidentaux a donn\u00e9 naissance \u00e0 des groupes d\u2019individus organis\u00e9s en \u00ab&nbsp;conf\u00e9rence&nbsp;\u00bb. L\u2019objectif \u00e9tait claire : perp\u00e9tuer son action \u00e0 la fois humanitaire et spirituelle.<\/p>\n\n\n\n<p><br>C\u2019est dans ce sens qu\u2019en 2001, notre organisation verra le jour de fa\u00e7on officielle avec l\u2019obtention de l\u2019agr\u00e9ment sous l\u2019\u00e9gide de Mr Dieudonn\u00e9 Tembo, alors Pr\u00e9sident Dioc\u00e9sain (+2021) et l\u2019Abb\u00e9 Flavien-Merlin Khonde, Aum\u00f4nier Dioc\u00e9sain. &nbsp;<\/p>\n\n\n\n<p><br>Cette conf\u00e9rence cr\u00e9\u00e9e en 2001 \u00e0 Kinsundi\/Lemba prendra le nom de conf\u00e9rence Saint Benoit. En prenant le nom de Beno\u00eet, dit \u00ab&nbsp;patron de l\u2019Europe&nbsp;\u00bb, la conf\u00e9rence entendait exalter les valeurs de la pri\u00e8re et du travail qui sont \u00e0 la base du d\u00e9veloppement de l\u2019Europe.<\/p>\n\n\n\n<p><br>La conf\u00e9rence devait s\u2019occuper de la jeunesse d\u00e9favoris\u00e9e (Orphelins et Enfants d\u00e9munis), puis d\u2019autres groupes de personnes vuln\u00e9rables. Une ombre au tableau : avec les seules contributions de quelques membres, nos aspirations \u00e9taient loin de bouger d\u2019une seule ligne.<\/p>\n\n\n\n<p><br>En 1999-2000, nous avons commenc\u00e9 l\u2019\u00e9levage des porcs \u00e0 Kangu\/Mayombe. But\u00e9s devant le probl\u00e8me d\u2019aliments (tourteaux d\u2019amendes palmistes), nous avons voulu r\u00e9soudre ce probl\u00e8me pour nous et pour les autres en fabriquant localement une concasseuse et un broyeur gr\u00e2ce \u00e0 l\u2019expertise technique de Mr Jean Kumbu. Malheureusement, nous \u00e9tions confront\u00e9s \u00e0 un autre probl\u00e8me&nbsp;: celui de la ressource \u00e9nerg\u00e9tique indispensable pour faire fonctionner ces machines. Cela nous conduira \u00e0 acheter un vieux petit groupe \u00e9lectrog\u00e8ne de marque Bernard. Nos espoirs \u00e9taient loin de trouver satisfaction.<\/p>\n\n\n\n<p><br>En 2001-2002, nous avons sollicit\u00e9 le centre de formation de la jeunesse sise \u00e0 Kinsundi\/lemba. Un centre qui \u00e9tait abandonn\u00e9 et qui se trouvait en \u00e9tat de d\u00e9labrement. Le chef de service de la jeunesse du district du Bas-fleuve nous l\u2019a octroy\u00e9 sous la condition du devoir verser une redevance (\u2026).<\/p>\n\n\n\n<p>Mr Jacques Ngoma, un des collaborateurs a accept\u00e9 de vivre dans les conditions que pr\u00e9sentait ce centre. Mais il nous fallait d\u2019abord, arranger un coin du b\u00e2timent, supporter les charges des installations \u00e9lectriques, d\u00e9placer l\u2019\u00e9quipement de Kangu \u00e0 Lemba pr\u00e8s de 60 Km puis r\u00e9installer l\u2019\u00e9quipement. Et enfin trouver le v\u00e9cu quotidien en faveur de la nouvelle \u00e9quipe.<\/p>\n\n\n\n<p>Au prix de nombreux sacrifices et privations, une ligne \u00e9lectrique fut tir\u00e9e, ainsi les machines purent \u00eatre enfin install\u00e9es. Des efforts ont de nouveau \u00e9t\u00e9 conjugu\u00e9s pour d\u00e9marrer le travail.<\/p>\n\n\n\n<p>Notre joie \u00e9tait grande en voyant le r\u00e9sultat. Enfin nous avions les tourteaux et l\u2019huile palmiste si longtemps attendus. Cela nous a permis de lancer s\u00fbrement notre \u00e9levage des porcs et des poules.<\/p>\n\n\n\n<p>Aussit\u00f4t commenc\u00e9, les \u00e9chos parvinrent jusqu\u2019aux oreilles du chef de service de la jeunesse du territoire du Bas-fleuve. Ce dernier, au lieu de se r\u00e9jouir et de nous encourager, nous adressa des menaces aussi longtemps que les redevances ne seraient pas vers\u00e9es, alors que le fonctionnement et la survie des membres \u00e9taient encore embryonnaires et pr\u00e9caires. Quel d\u00e9couragement&nbsp;!<\/p>\n\n\n\n<p>Pire encore, Mr Jacques Ngoma, le pionnier de l\u2019\u00e9quipe, Ir Dipl\u00f4m\u00e9 de l\u2019Institut sup\u00e9rieur des \u00e9tudes Agronomiques (ISEA) Tshela venait d\u2019\u00eatre nomm\u00e9 Directeur des \u00e9tudes au lyc\u00e9e de Kangu. Sa mutation a d\u00e9stabilis\u00e9 la vie, le fonctionnement et l\u2019avenir de la conf\u00e9rence. Mais l\u2019\u00e2me de la conf\u00e9rence ne s\u2019\u00e9tait pas \u00e9teinte. Des activit\u00e9s ont continu\u00e9. c\u2019est le cas de l\u2019assistance aux orphelinats cibl\u00e9s et de l\u2019appui aux \u00e9tudes des jeunes en rupture scolaire.<\/p>\n\n\n\n<p>A l&rsquo;apparition de l&rsquo;encyclique laudato sii du papa Fran\u00e7ois en 2015, la conf\u00e9rence Saint Beno\u00eet prendra une tournure d\u00e9cisive. Elle se constituera en association sans but lucratif en gardant le m\u00eame nom. Elle se dotera des statuts et d&rsquo;un r\u00e8glement int\u00e9rieur. En r\u00e9ponse \u00e0 l&rsquo;appel du papa, l&rsquo;association s&rsquo;attaquera principalement au probl\u00e8me de notre \u00ab\u00a0maisson commune\u00a0\u00bb en contribuant \u00e0 la lutte contre le r\u00e9chauffement climatique.<\/p>\n\n\n\n<p><strong>P. C\u00e9sar KINANGU<\/strong><\/p>\n\n\n\n<p><em>Coordonateur<\/em><\/p>\n\n\n\n<h2>DOCUMENTS ADMINISTRATIFS DE L&rsquo;OEUVRE SAINT BENOIT  <\/h2>\n\n\n\n<div class=\"wp-block-columns\">\n<div class=\"wp-block-column\">\n<figure class=\"wp-block-image size-large\"><img  title=\"\" loading=\"lazy\" width=\"768\" height=\"1024\" src=\"https:\/\/www.saintbenoit-mayombe.org\/wp-content\/uploads\/2022\/03\/IMG-20220311-WA0006-768x1024.jpg\"  alt=\"IMG-20220311-WA0006-768x1024 Historique\"  class=\"wp-image-544\" srcset=\"https:\/\/www.saintbenoit-mayombe.org\/wp-content\/uploads\/2022\/03\/IMG-20220311-WA0006-768x1024.jpg 768w, https:\/\/www.saintbenoit-mayombe.org\/wp-content\/uploads\/2022\/03\/IMG-20220311-WA0006-225x300.jpg 225w, https:\/\/www.saintbenoit-mayombe.org\/wp-content\/uploads\/2022\/03\/IMG-20220311-WA0006.jpg 780w\" sizes=\"(max-width: 768px) 100vw, 768px\" \/><\/figure>\n<\/div>\n<\/div>\n\n\n\n<div class=\"wp-block-columns\">\n<div class=\"wp-block-column\">\n<figure class=\"wp-block-image size-large\"><img  title=\"\" loading=\"lazy\" width=\"768\" height=\"1024\" src=\"https:\/\/www.saintbenoit-mayombe.org\/wp-content\/uploads\/2022\/03\/IMG-20220311-WA0007-768x1024.jpg\"  alt=\"IMG-20220311-WA0007-768x1024 Historique\"  class=\"wp-image-545\" srcset=\"https:\/\/www.saintbenoit-mayombe.org\/wp-content\/uploads\/2022\/03\/IMG-20220311-WA0007-768x1024.jpg 768w, https:\/\/www.saintbenoit-mayombe.org\/wp-content\/uploads\/2022\/03\/IMG-20220311-WA0007-225x300.jpg 225w, https:\/\/www.saintbenoit-mayombe.org\/wp-content\/uploads\/2022\/03\/IMG-20220311-WA0007.jpg 780w\" sizes=\"(max-width: 768px) 100vw, 768px\" \/><\/figure>\n<\/div>\n<\/div>\n\n\n\n<h2 class=\"has-text-align-center\">AUTORISATION PROVISOIRE DE FONCTIONNEMENT DE L&rsquo;ASSOCIATION<\/h2>\n\n\n\n<figure class=\"wp-block-image size-large\"><img  title=\"\" loading=\"lazy\" width=\"768\" height=\"1024\" src=\"https:\/\/www.saintbenoit-mayombe.org\/wp-content\/uploads\/2022\/05\/IMG-20220513-WA0009-768x1024.jpg\"  alt=\"IMG-20220513-WA0009-768x1024 Historique\"  class=\"wp-image-603\" srcset=\"https:\/\/www.saintbenoit-mayombe.org\/wp-content\/uploads\/2022\/05\/IMG-20220513-WA0009-768x1024.jpg 768w, https:\/\/www.saintbenoit-mayombe.org\/wp-content\/uploads\/2022\/05\/IMG-20220513-WA0009-225x300.jpg 225w, https:\/\/www.saintbenoit-mayombe.org\/wp-content\/uploads\/2022\/05\/IMG-20220513-WA0009.jpg 810w\" sizes=\"(max-width: 768px) 100vw, 768px\" \/><\/figure>\n\n\n\n<figure class=\"wp-block-image size-large\"><img  title=\"\" loading=\"lazy\" width=\"768\" height=\"1024\" src=\"https:\/\/www.saintbenoit-mayombe.org\/wp-content\/uploads\/2022\/05\/IMG-20220513-WA0008-768x1024.jpg\"  alt=\"IMG-20220513-WA0008-768x1024 Historique\"  class=\"wp-image-604\" srcset=\"https:\/\/www.saintbenoit-mayombe.org\/wp-content\/uploads\/2022\/05\/IMG-20220513-WA0008-768x1024.jpg 768w, https:\/\/www.saintbenoit-mayombe.org\/wp-content\/uploads\/2022\/05\/IMG-20220513-WA0008-225x300.jpg 225w, https:\/\/www.saintbenoit-mayombe.org\/wp-content\/uploads\/2022\/05\/IMG-20220513-WA0008.jpg 810w\" sizes=\"(max-width: 768px) 100vw, 768px\" \/><figcaption>Document mis en date 14.05.2022<\/figcaption><\/figure>\n","protected":false},"excerpt":{"rendered":"<p>Historique \u00ab&nbsp;Les pauvres, en effet, vous les aurez toujours avec vous&nbsp;\u00bb Jean 12, 8 Les in\u00e9galit\u00e9s sont inh\u00e9rentes \u00e0 toute soci\u00e9t\u00e9 humaine. Cette r\u00e9alit\u00e9 est \u00e0 l\u2019origine non seulement de la d\u00e9pendance les uns des autres mais du besoin et du devoir social et humain de la solidarit\u00e9 entre les hommes. A travers l\u2019histoire, certaines [&hellip;]<\/p>\n","protected":false},"author":1,"featured_media":0,"parent":9,"menu_order":0,"comment_status":"closed","ping_status":"closed","template":"","meta":[],"yoast_head":"<!-- This site is optimized with the Yoast SEO plugin v17.8 - https:\/\/yoast.com\/wordpress\/plugins\/seo\/ -->\n<title>Historique - \u0152uvre Saint Benoit<\/title>\n<meta name=\"robots\" content=\"noindex, follow, max-snippet:-1, max-image-preview:large, max-video-preview:-1\" \/>\n<meta property=\"og:locale\" content=\"fr_FR\" \/>\n<meta property=\"og:type\" content=\"article\" \/>\n<meta property=\"og:title\" content=\"Historique - \u0152uvre Saint Benoit\" \/>\n<meta property=\"og:description\" content=\"Historique \u00ab&nbsp;Les pauvres, en effet, vous les aurez toujours avec vous&nbsp;\u00bb Jean 12, 8 Les in\u00e9galit\u00e9s sont inh\u00e9rentes \u00e0 toute soci\u00e9t\u00e9 humaine. Cette r\u00e9alit\u00e9 est \u00e0 l\u2019origine non seulement de la d\u00e9pendance les uns des autres mais du besoin et du devoir social et humain de la solidarit\u00e9 entre les hommes. A travers l\u2019histoire, certaines [&hellip;]\" \/>\n<meta property=\"og:url\" content=\"https:\/\/www.saintbenoit-mayombe.org\/index.php\/nos-objectifs\/historique-2\/\" \/>\n<meta property=\"og:site_name\" content=\"\u0152uvre Saint Benoit\" \/>\n<meta property=\"article:modified_time\" content=\"2025-10-31T07:58:20+00:00\" \/>\n<meta property=\"og:image\" content=\"https:\/\/www.saintbenoit-mayombe.org\/wp-content\/uploads\/2022\/03\/IMG-20220311-WA0006-768x1024.jpg\" \/>\n<meta name=\"twitter:card\" content=\"summary_large_image\" \/>\n<meta name=\"twitter:label1\" content=\"Dur\u00e9e de lecture estim\u00e9e\" \/>\n\t<meta name=\"twitter:data1\" content=\"5 minutes\" \/>\n<script type=\"application\/ld+json\" class=\"yoast-schema-graph\">{\"@context\":\"https:\/\/schema.org\",\"@graph\":[{\"@type\":\"WebSite\",\"@id\":\"https:\/\/www.saintbenoit-mayombe.org\/#website\",\"url\":\"https:\/\/www.saintbenoit-mayombe.org\/\",\"name\":\"\\u0152uvre Saint Benoit\",\"description\":\"Pour le d\\u00e9veloppement de tout l&#039;homme\",\"potentialAction\":[{\"@type\":\"SearchAction\",\"target\":{\"@type\":\"EntryPoint\",\"urlTemplate\":\"https:\/\/www.saintbenoit-mayombe.org\/?s={search_term_string}\"},\"query-input\":\"required name=search_term_string\"}],\"inLanguage\":\"fr-FR\"},{\"@type\":\"ImageObject\",\"@id\":\"https:\/\/www.saintbenoit-mayombe.org\/index.php\/nos-objectifs\/historique-2\/#primaryimage\",\"inLanguage\":\"fr-FR\",\"url\":\"https:\/\/www.saintbenoit-mayombe.org\/wp-content\/uploads\/2022\/03\/IMG-20220311-WA0006.jpg\",\"contentUrl\":\"https:\/\/www.saintbenoit-mayombe.org\/wp-content\/uploads\/2022\/03\/IMG-20220311-WA0006.jpg\",\"width\":780,\"height\":1040},{\"@type\":\"WebPage\",\"@id\":\"https:\/\/www.saintbenoit-mayombe.org\/index.php\/nos-objectifs\/historique-2\/#webpage\",\"url\":\"https:\/\/www.saintbenoit-mayombe.org\/index.php\/nos-objectifs\/historique-2\/\",\"name\":\"Historique - \\u0152uvre Saint Benoit\",\"isPartOf\":{\"@id\":\"https:\/\/www.saintbenoit-mayombe.org\/#website\"},\"primaryImageOfPage\":{\"@id\":\"https:\/\/www.saintbenoit-mayombe.org\/index.php\/nos-objectifs\/historique-2\/#primaryimage\"},\"datePublished\":\"2021-04-02T14:04:07+00:00\",\"dateModified\":\"2025-10-31T07:58:20+00:00\",\"breadcrumb\":{\"@id\":\"https:\/\/www.saintbenoit-mayombe.org\/index.php\/nos-objectifs\/historique-2\/#breadcrumb\"},\"inLanguage\":\"fr-FR\",\"potentialAction\":[{\"@type\":\"ReadAction\",\"target\":[\"https:\/\/www.saintbenoit-mayombe.org\/index.php\/nos-objectifs\/historique-2\/\"]}]},{\"@type\":\"BreadcrumbList\",\"@id\":\"https:\/\/www.saintbenoit-mayombe.org\/index.php\/nos-objectifs\/historique-2\/#breadcrumb\",\"itemListElement\":[{\"@type\":\"ListItem\",\"position\":1,\"name\":\"Home\",\"item\":\"https:\/\/www.saintbenoit-mayombe.org\/\"},{\"@type\":\"ListItem\",\"position\":2,\"name\":\"A propos\",\"item\":\"https:\/\/www.saintbenoit-mayombe.org\/index.php\/nos-objectifs\/\"},{\"@type\":\"ListItem\",\"position\":3,\"name\":\"Historique\"}]}]}<\/script>\n<!-- \/ Yoast SEO plugin. -->","yoast_head_json":{"title":"Historique - \u0152uvre Saint Benoit","robots":{"index":"noindex","follow":"follow","max-snippet":"max-snippet:-1","max-image-preview":"max-image-preview:large","max-video-preview":"max-video-preview:-1"},"og_locale":"fr_FR","og_type":"article","og_title":"Historique - \u0152uvre Saint Benoit","og_description":"Historique \u00ab&nbsp;Les pauvres, en effet, vous les aurez toujours avec vous&nbsp;\u00bb Jean 12, 8 Les in\u00e9galit\u00e9s sont inh\u00e9rentes \u00e0 toute soci\u00e9t\u00e9 humaine. Cette r\u00e9alit\u00e9 est \u00e0 l\u2019origine non seulement de la d\u00e9pendance les uns des autres mais du besoin et du devoir social et humain de la solidarit\u00e9 entre les hommes. A travers l\u2019histoire, certaines [&hellip;]","og_url":"https:\/\/www.saintbenoit-mayombe.org\/index.php\/nos-objectifs\/historique-2\/","og_site_name":"\u0152uvre Saint Benoit","article_modified_time":"2025-10-31T07:58:20+00:00","og_image":[{"url":"https:\/\/www.saintbenoit-mayombe.org\/wp-content\/uploads\/2022\/03\/IMG-20220311-WA0006-768x1024.jpg"}],"twitter_card":"summary_large_image","twitter_misc":{"Dur\u00e9e de lecture estim\u00e9e":"5 minutes"},"schema":{"@context":"https:\/\/schema.org","@graph":[{"@type":"WebSite","@id":"https:\/\/www.saintbenoit-mayombe.org\/#website","url":"https:\/\/www.saintbenoit-mayombe.org\/","name":"\u0152uvre Saint Benoit","description":"Pour le d\u00e9veloppement de tout l&#039;homme","potentialAction":[{"@type":"SearchAction","target":{"@type":"EntryPoint","urlTemplate":"https:\/\/www.saintbenoit-mayombe.org\/?s={search_term_string}"},"query-input":"required name=search_term_string"}],"inLanguage":"fr-FR"},{"@type":"ImageObject","@id":"https:\/\/www.saintbenoit-mayombe.org\/index.php\/nos-objectifs\/historique-2\/#primaryimage","inLanguage":"fr-FR","url":"https:\/\/www.saintbenoit-mayombe.org\/wp-content\/uploads\/2022\/03\/IMG-20220311-WA0006.jpg","contentUrl":"https:\/\/www.saintbenoit-mayombe.org\/wp-content\/uploads\/2022\/03\/IMG-20220311-WA0006.jpg","width":780,"height":1040},{"@type":"WebPage","@id":"https:\/\/www.saintbenoit-mayombe.org\/index.php\/nos-objectifs\/historique-2\/#webpage","url":"https:\/\/www.saintbenoit-mayombe.org\/index.php\/nos-objectifs\/historique-2\/","name":"Historique - \u0152uvre Saint Benoit","isPartOf":{"@id":"https:\/\/www.saintbenoit-mayombe.org\/#website"},"primaryImageOfPage":{"@id":"https:\/\/www.saintbenoit-mayombe.org\/index.php\/nos-objectifs\/historique-2\/#primaryimage"},"datePublished":"2021-04-02T14:04:07+00:00","dateModified":"2025-10-31T07:58:20+00:00","breadcrumb":{"@id":"https:\/\/www.saintbenoit-mayombe.org\/index.php\/nos-objectifs\/historique-2\/#breadcrumb"},"inLanguage":"fr-FR","potentialAction":[{"@type":"ReadAction","target":["https:\/\/www.saintbenoit-mayombe.org\/index.php\/nos-objectifs\/historique-2\/"]}]},{"@type":"BreadcrumbList","@id":"https:\/\/www.saintbenoit-mayombe.org\/index.php\/nos-objectifs\/historique-2\/#breadcrumb","itemListElement":[{"@type":"ListItem","position":1,"name":"Home","item":"https:\/\/www.saintbenoit-mayombe.org\/"},{"@type":"ListItem","position":2,"name":"A propos","item":"https:\/\/www.saintbenoit-mayombe.org\/index.php\/nos-objectifs\/"},{"@type":"ListItem","position":3,"name":"Historique"}]}]}},"_links":{"self":[{"href":"https:\/\/www.saintbenoit-mayombe.org\/index.php\/wp-json\/wp\/v2\/pages\/416"}],"collection":[{"href":"https:\/\/www.saintbenoit-mayombe.org\/index.php\/wp-json\/wp\/v2\/pages"}],"about":[{"href":"https:\/\/www.saintbenoit-mayombe.org\/index.php\/wp-json\/wp\/v2\/types\/page"}],"author":[{"embeddable":true,"href":"https:\/\/www.saintbenoit-mayombe.org\/index.php\/wp-json\/wp\/v2\/users\/1"}],"replies":[{"embeddable":true,"href":"https:\/\/www.saintbenoit-mayombe.org\/index.php\/wp-json\/wp\/v2\/comments?post=416"}],"version-history":[{"count":5,"href":"https:\/\/www.saintbenoit-mayombe.org\/index.php\/wp-json\/wp\/v2\/pages\/416\/revisions"}],"predecessor-version":[{"id":951,"href":"https:\/\/www.saintbenoit-mayombe.org\/index.php\/wp-json\/wp\/v2\/pages\/416\/revisions\/951"}],"up":[{"embeddable":true,"href":"https:\/\/www.saintbenoit-mayombe.org\/index.php\/wp-json\/wp\/v2\/pages\/9"}],"wp:attachment":[{"href":"https:\/\/www.saintbenoit-mayombe.org\/index.php\/wp-json\/wp\/v2\/media?parent=416"}],"curies":[{"name":"wp","href":"https:\/\/api.w.org\/{rel}","templated":true}]}}